?
2, 7, 13, 67
Suppose 6 = -2*p + 12. Suppose 3*w + 3 = 2*r - 3*r, 4*w + r + p = 0. Suppose 4*i + 3*x + 117 = 6*i, 3*x + 15 = w. What are the prime factors of i?
3, 17
Let y(z) = 140*z - 53. Suppose -24*v + 284 - 92 = 0. List the prime factors of y(v).
11, 97
Let x(u) be the second derivative of u**4/12 + 16*u**3/3 + 25*u**2/2 + 16*u. Let m be x(-25). Let h = 272 + m. List the prime factors of h.
2, 61
Let w = 224 - 215. List the prime factors of 3/(-2)*w/(162/(-1968)).
2, 41
Let d = 17748 + -2773. What are the prime factors of d?
5, 599
Let f(o) = o**3 - 36*o**2 + 78*o - 72. What are the prime factors of f(36)?
2, 3, 19
Let u be (-2)/8 + 6/(-8). Let t be (-6 + 10)/(u/((-1)/2)). Suppose 3*o + i + t*i - 348 = 0, 0 = 5*i - 25. List the prime factors of o.
3, 37
What are the prime factors of 32284 + -1 + -15 + 26?
2, 67, 241
Suppose -i - 2*a + 42658 = 0, 3*i - 54413 - 73621 = 4*a. List the prime factors of i.
2, 5, 17, 251
Suppose -366*n + 365*n + 4 = 0. Suppose -n*q + 4*v + v + 1302 = 0, 3*q - 961 = -4*v. List the prime factors of q.
17, 19
Let p(l) = 1243*l**3 + 5*l**2 + l - 6. What are the prime factors of p(3)?
3, 23, 487
Suppose 0 = 236*o - 2013535 - 1484929. What are the prime factors of o?
2, 17, 109
Let d(w) = 76*w**2 + 223*w - 67. What are the prime factors of d(-23)?
2, 547
Let d(k) = -643*k + 1654. List the prime factors of d(-3).
3583
What are the prime factors of 3*(-14)/21*(-33057)/18?
3673
Let u(a) = 5*a + 29. Let k(x) = 7*x + 5. Let n(m) = 8*m + 6. Let j(t) = -7*k(t) + 6*n(t). Let l(g) = 4*j(g) - u(g). List the prime factors of l(-10).
5, 13
Let x = 541 + -383. Suppose 231 = -151*y + x*y. List the prime factors of y.
3, 11
Let m = -28 - -16. What are the prime factors of -16*(m/3)/1?
2
Suppose -17*d = -16*d. Suppose -4*a = o - 6 - d, 3*o = -6. Suppose -3*p = a*p - 630. What are the prime factors of p?
2, 3, 7
Let p = -7275 + 7607. List the prime factors of p.
2, 83
What are the prime factors of (-7332)/(-8)*10 + 4*(-8)/(-16)?
89, 103
Let q = -50574 + 79710. List the prime factors of q.
2, 3, 607
Let k(c) = 22*c - 56. Let a be k(3). Let n(l) = -l**2 + 9*l + 3. Let p be n(8). Suppose p*m = a*m + 18. What are the prime factors of m?
2, 3
What are the prime factors of (-695)/((-21)/((-218988)/(-110)))?
2, 3, 79, 139
Let o(n) = n**2 - 7*n + 27. Let u be o(10). List the prime factors of ((-114)/u)/(((-2)/(-139))/(-1)).
139
Suppose 92263 = 23*w + 11717. What are the prime factors of w?
2, 17, 103
Suppose 4*s = 5*s - 2. Let l(n) = -19 + 18*n + s*n**2 - 33*n + 18*n. List the prime factors of l(-6).
5, 7
Let m be (-5)/(5/7)*(-2)/7. Suppose -x + m*b = 2, -8 - 2 = -4*x + 2*b. Suppose -2*h = -x*h + 234. List the prime factors of h.
3, 13
Let r = 26 - -105. Suppose -4*p = 5*k + 241, 2*k + k - 4*p + 119 = 0. Let q = r + k. What are the prime factors of q?
2, 43
What are the prime factors of (-48452)/(-2) + (-2)/((-23)/(161/(-2)))?
3, 13, 23
Suppose -8*g - 8 = -48. Suppose l + 272 = -2*a - 177, -g*l = -2*a - 431. Let d = -75 - a. List the prime factors of d.
2, 37
Suppose 5*j - 11507 = 3*h, -h - 1495 = -2*j + 3108. List the prime factors of j.
2, 1151
Suppose 769*l - 788*l = -92416. List the prime factors of l.
2, 19
Suppose -19*o + 2*a + 985967 = 0, 38*o = 40*o - 3*a - 103786. What are the prime factors of o?
51893
Suppose 45*u + 3302536 = 257*u. What are the prime factors of u?
2, 7789
Suppose -11 - 7 = -6*a. Suppose 0 = a*j + 3*i - 21, -4*j + 14 = 3*i - 9. Suppose j*d = 291 - 23. List the prime factors of d.
2, 67
Let u = -168 + 180. Suppose 4940 = o + u*o. What are the prime factors of o?
2, 5, 19
Let g = 9465 + -4737. What are the prime factors of g?
2, 3, 197
Let y = 621 + -615. What are the prime factors of y + 8*(82 + 0)?
2, 331
Let m(i) = i**3 + 6*i**2 - 16*i + 2. Let n be m(-8). Suppose -n*r + 605 = 3*r. Let s = r + -86. List the prime factors of s.
5, 7
Suppose 138*b + 71*b - 6599281 = 40*b. What are the prime factors of b?
17, 2297
Suppose 424*f + 20484 = 430*f. Suppose -4*x + 6*r = 3*r - f, 3*x - 5*r - 2555 = 0. List the prime factors of x.
3, 5, 19
Suppose 0 = 5*m - 3*l - 2*l + 310, -4*m - 241 = 3*l. Let r = -15 - m. List the prime factors of (r - -1) + (-25 - -23).
3, 5
Suppose 20*v - 14*v = 7*v - 15745. List the prime factors of v.
5, 47, 67
Let s(z) = z**3 - 4*z**2 - 13*z + 40. Let w be s(5). Suppose w = 2*c - 2*o - 728, -373 = -c + o - 3*o. What are the prime factors of c?
367
Let o be 11082/2 + (-1 - 5) + 3. Suppose 3*y - 4162 = 2*f, 0 = -3*y - y - 3*f + o. List the prime factors of y.
2, 3, 7, 11
Let y be (-518)/5 - (-6)/(-15). Let h = y + -12. Let g = h + 199. List the prime factors of g.
83
Suppose 11*i = 14*i - 5*m - 17845, 4*i - 23775 = 3*m. List the prime factors of i.
2, 3, 5, 11
Suppose -1076 - 1459 = -5*j. Let a = -274 + j. List the prime factors of a.
233
Suppose 12*l = 81 - 21. Suppose 8*y - 4*h = 6*y + 1256, y - 634 = l*h. List the prime factors of y.
2, 3, 13
Suppose 5*l - 2*x = 15673, 2*l = 8*x - 11*x + 6273. What are the prime factors of l?
3, 5, 11, 19
Suppose -524 = -c - 4*c - 4*v, -2*v = 3*c - 314. Suppose 0 = -2*l - c + 134. List the prime factors of l.
3, 5
Let i = 9104 + -2622. List the prime factors of i.
2, 7, 463
Let x(o) = 39*o + 37. Let k(m) = -13*m - 12. Let n(g) = -11*k(g) - 4*x(g). Let h be n(-4). List the prime factors of 2/1*90/h.
5
Suppose -40 = 2*m - 12. What are the prime factors of (m/6)/(19/(-513))?
3, 7
Suppose -420 = -8*o + 4*o. Let t be (-2)/(-5)*-467 + (-21)/o. Let r = -127 - t. List the prime factors of r.
2, 3, 5
Suppose 0 = -18*w + 16*w + 12. Suppose 5*c - 5*o = 1235, 0 = 3*c + 5*o - w*o - 737. List the prime factors of c.
5, 7
Suppose 3*i = 34 - 28. Suppose i*q - 840 = -4*v, -q = -3*q - v + 852. Suppose -2*c - 5*p + 276 = 0, 4*c - q = -2*p + 156. List the prime factors of c.
2, 37
Let o(p) = 23*p**2 + 35*p - 1101. List the prime factors of o(23).
3, 1319
Suppose 4*g - 68 = 8*g - 3*m, g - 6 = -5*m. Let u = -14 - g. Suppose u = -4*z + 7 + 13, 4*a = z + 147. List the prime factors of a.
2, 19
Let n(f) = -f**2 - 13*f - 57. Let o be n(-7). Let z(g) = -3*g + 59. List the prime factors of z(o).
2, 13
List the prime factors of ((-25420)/(-246))/((0 + -2)*(-3)/522).
2, 5, 29, 31
List the prime factors of (150/(5 + -15))/(26185/6547 + -4).
5, 6547
Suppose 48984 + 52616 = 40*l. List the prime factors of l.
2, 5, 127
Suppose -4*d = -3*n + 24, -n = 4*n + 5*d - 40. Let i be ((-80)/(-3 - 1))/(2/n). Suppose 16*o = i + 608. List the prime factors of o.
43
List the prime factors of (-378984)/(-15) - (-57)/(-95).
5, 31, 163
Suppose 7*o - 44112 = 13932. Suppose -o = -22*z + 10*z. List the prime factors of z.
691
Let j(y) = 3894*y**2 + 261*y - 779. What are the prime factors of j(3)?
2, 5, 701
Let a(c) = 18*c**2 + 48*c - 313. What are the prime factors of a(44)?
13, 2819
Let p(j) = 4*j**3 - 3*j**2 + j + 58. Let c be p(7). Let o = c - 498. List the prime factors of o.
2, 3, 11
Suppose -778 = 5*t + 4*c, -6*t + 5*t + 2*c - 164 = 0. Let p = t + 266. List the prime factors of p.
2, 3
Suppose -3*b = -2*t - 3, -t + 5*b = 13 - 8. List the prime factors of (-12)/18*(t + -3).
2
Suppose 0 = 26*q - 1721 - 7431. What are the prime factors of ((-119)/4)/((-44)/q)?
2, 7, 17
Let i be (-2)/(-4*3) - 264/(-144). Suppose 5 + 712 = i*l - 3*o, -3*l - 5*o + 1066 = 0. List the prime factors of l.
3, 7, 17
Let f be (-1 + (-6)/(-3))*(-40)/(-8). Suppose 6*w - f = 5*w, 0 = 4*l - w - 515. List the prime factors of l.
2, 5, 13
Let z(n) = 5*n**3 - 4*n**2 + 3*n. Let i be z(1). Suppose -i*v = 4*v - 6360. List the prime factors of v.
3, 5, 53
Suppose 12*i + 3694 = 1306. Let j = i + 294. List the prime factors of j.
5, 19
What are the prime factors of (-20)/140 + (-263408)/(-84) + (-4)/(-3)?
3137
Let d(y) = y**3 + y**2 + 5*y. Suppose -6*x - 57 = -27. Let b be (17 - 7)/x*5/(-2). List the prime factors of d(b).
5, 7
Let c(w) = -5*w - 8. Let t be c(-4). Suppose -5*h + 20 = 2*k - 3*k, t = -2*k + 3*h. What are the prime factors of (8 + k)/(7*(-6)/(-861))?
2, 41
Let d(t) = 16*t - 63. Let z be d(-13). Let f = z + 506. What are the prime factors of f?
5, 47
Let j = -1564 - -2347. Suppose -3*p + 2289 = -3*v, p - 2*v - j = -6*v. What are the prime factors of p?
13, 59
Let v = -193 - -99. Let s be (2/(-2))/(8/(-336)). List the prime factors of s